e factors of 9018211.
17, 619, 857
List the prime factors of 1443260.
2, 5, 7, 13, 61
What are the prime factors of 46135?
5, 9227
What are the prime factors of 1915680?
2, 3, 5, 13, 307
List the prime factors of 16161802.
2, 8080901
List the prime factors of 6690410.
2, 5, 367, 1823
List the prime factors of 206774.
2, 103387
List the prime factors of 21683120.
2, 5, 131, 2069
What are the prime factors of 133790?
2, 5, 17, 787
List the prime factors of 661518.
2, 3, 11, 13, 257
List the prime factors of 29033189.
29033189
What are the prime factors of 631888?
2, 73, 541
List the prime factors of 62618.
2, 131, 239
List the prime factors of 37990.
2, 5, 29, 131
List the prime factors of 12292319.
13, 163, 5801
List the prime factors of 308991.
3, 127, 811
List the prime factors of 593375.
5, 47, 101
What are the prime factors of 185867?
11, 61, 277
List the prime factors of 233763.
3, 67, 1163
List the prime factors of 409406.
2, 277, 739
What are the prime factors of 310584?
2, 3, 12941
What are the prime factors of 31170?
2, 3, 5, 1039
What are the prime factors of 14914764?
2, 3, 23, 18013
What are the prime factors of 69356?
2, 7, 2477
What are the prime factors of 7643403?
3, 197, 479
What are the prime factors of 28091031?
3, 107, 87511
List the prime factors of 704384.
2, 5503
What are the prime factors of 2733067?
23, 331, 359
What are the prime factors of 276990?
2, 3, 5, 7, 1319
What are the prime factors of 197649?
3, 21961
What are the prime factors of 8632043?
7, 31, 39779
List the prime factors of 429153.
3, 19, 7529
List the prime factors of 3132818.
2, 13, 101, 1193
List the prime factors of 1166696.
2, 41, 3557
List the prime factors of 4009877.
1489, 2693
List the prime factors of 274804.
2, 23, 29, 103
List the prime factors of 26319274.
2, 71, 73, 2539
List the prime factors of 253459.
113, 2243
List the prime factors of 69638.
2, 34819
What are the prime factors of 6446076?
2, 3, 7, 13, 5903
List the prime factors of 20389644.
2, 3, 11, 1907
List the prime factors of 30328310.
2, 5, 3032831
What are the prime factors of 2114250?
2, 3, 5, 2819
What are the prime factors of 460499?
13, 35423
List the prime factors of 18857283.
3, 6285761
List the prime factors of 334582.
2, 173, 967
List the prime factors of 7787588.
2, 211, 9227
List the prime factors of 344162.
2, 7, 13, 31, 61
What are the prime factors of 7254975?
3, 5, 7, 13, 1063
List the prime factors of 599567.
127, 4721
List the prime factors of 2930388.
2, 3, 244199
What are the prime factors of 54414?
2, 3, 3023
What are the prime factors of 70207?
70207
What are the prime factors of 1063300?
2, 5, 7, 31
What are the prime factors of 136379?
136379
List the prime factors of 15118421.
31, 487691
List the prime factors of 42634.
2, 21317
What are the prime factors of 214115?
5, 11, 17, 229
List the prime factors of 6199784.
2, 101, 7673
What are the prime factors of 530087?
530087
What are the prime factors of 220933?
220933
What are the prime factors of 967123?
193, 5011
List the prime factors of 17498819.
13, 1346063
What are the prime factors of 159412?
2, 11, 3623
List the prime factors of 9577818.
2, 3, 193, 919
What are the prime factors of 68303?
167, 409
What are the prime factors of 17879730?
2, 3, 5, 11, 54181
What are the prime factors of 423705?
3, 5, 47, 601
List the prime factors of 1121965.
5, 13, 41, 421
What are the prime factors of 21514874?
2, 1229, 8753
What are the prime factors of 200131?
200131
List the prime factors of 170471.
7, 71
What are the prime factors of 1712122?
2, 856061
List the prime factors of 12545613.
3, 1393957
List the prime factors of 528824.
2, 66103
What are the prime factors of 173813?
73, 2381
What are the prime factors of 318127?
318127
List the prime factors of 393053.
19, 137, 151
List the prime factors of 1037504.
2, 13, 29, 43
List the prime factors of 157992.
2, 3, 29, 227
List the prime factors of 510168.
2, 3, 29, 733
List the prime factors of 15975428.
2, 7, 19, 30029
What are the prime factors of 3922207?
3922207
List the prime factors of 1241404.
2, 503, 617
What are the prime factors of 7643839?
7, 599, 1823
List the prime factors of 184759.
23, 29, 277
List the prime factors of 394159.
613, 643
What are the prime factors of 1125533?
67, 107, 157
List the prime factors of 368366.
2, 67, 2749
List the prime factors of 17053749.
3, 73, 101, 257
List the prime factors of 74298.
2, 3, 7, 29, 61
What are the prime factors of 1253355?
3, 5, 83557
What are the prime factors of 13561010?
2, 5, 1356101
What are the prime factors of 774378?
2, 3, 11, 3911
What are the prime factors of 11756768?
2, 47, 7817
What are the prime factors of 84505?
5, 16901
List the prime factors of 134832.
2, 3, 53
List the prime factors of 39211430.
2, 5, 3921143
List the prime factors of 2154159.
3, 7, 31, 1103
What are the prime factors of 317496?
2, 3, 13229
What are the prime factors of 6793128?
2, 3, 94349
What are the prime factors of 157376?
2, 2459
List the prime factors of 2851234.
2, 59, 73, 331
List the prime factors of 212708.
2, 41, 1297
What are the prime factors of 2927545?
5, 179, 3271
List the prime factors of 2081972.
2, 83, 6271
What are the prime factors of 3697914?
2, 3, 11, 43, 1303
What are the prime factors of 4342902?
2, 3, 503, 1439
List the prime factors of 178016.
2, 5563
List the prime factors of 422929.
13, 32533
List the prime factors of 39422029.
173, 227873
List the prime factors of 902707.
13, 69439
List the prime factors of 294482.
2, 73, 2017
What are the prime factors of 94881?
3, 31627
What are the prime factors of 2649883?
883, 3001
List the prime factors of 12590139.
3, 4196713
What are the prime factors of 4341205?
5, 11, 17, 4643
What are the prime factors of 302873?
302873
What are the prime factors of 4607482?
2, 11, 209431
What are the prime factors of 295673?
7, 42239
List the prime factors of 31501285.
5, 197, 31981
What are the prime factors of 2270076?
2, 3, 101, 1873
What are the prime factors of 1736173?
1736173
What are the prime factors of 351362?
2, 11, 15971
List the prime factors of 34716671.
11, 3156061
List the prime factors of 1307081.
1307081
List the prime factors of 139176.
2, 3, 1933
What are the prime factors of 4930765?
5, 7, 17, 8287
What are the prime factors of 543292?
2, 71, 1913
What are the prime factors of 361610?
2, 5, 36161
What are the prime factors of 3034966?
2, 11, 29, 67, 71
List the prime factors of 1484667.
3, 164963
List the prime factors of 2874075.
3, 5, 38321
List the prime factors of 4689225.
3, 5, 6947
What are the prime factors of 2118862?
2, 211, 5021
What are the prime factors of 4506823?
109, 173, 239
What are the prime factors of 188130?
2, 3, 5, 6271
List the prime factors of 9976836.
2, 3, 67, 12409
What are the prime factors of 150829?
7, 29, 743
List the prime factors of 3035456.
2, 43, 1103
What are the prime factors of 13327182?
2, 3, 11, 29, 211
What are the prime factors of 7703178?
2, 3, 7, 37, 4957
What are the prime factors of 102772?
2, 25693
What are the prime factors of 195582?
2, 3, 37, 881
What are the prime factors of 265097?
7, 37871
List the prime factors of 13106474.
2, 373, 17569
What are the prime factors of 4313232?
2, 3, 7, 11, 389
What are the prime factors of 28079963?
103, 272621
List the prime factors of 307693.
307693
List the prime factors of 33326355.
3, 5, 2221757
List the prime factors of 2960107.
47, 62981
List the prime factors of 3633673.
3633673
List the prime factors of 12642156.
2, 3, 39019
List the prime factors of 775556.
2, 41, 4729
What are the prime factors of 7151759?
71, 263, 383
What are the prime factors of 7152382?
2, 31, 115361
What are the prime factors of 59210?
2, 5, 31, 191
List the prime factors of 1821170.
2, 5, 13, 14009
What are the prime factors of 376484?
2, 94121
List the prime factors of 510736.
2, 137, 233
What are the prime factors of 1345868?
2, 23, 14629
List the prime factors of 155475.
3, 5, 691
List the prime factors of 1503873.
3, 7, 73, 109
What are the prime factors of 8513644?
2, 463, 4597
What are the prime factors of 23384995?
5, 853, 5483
List the prime factors of 1833335.
5, 7, 1069
List the prime factors of 10607.
10607
List the prime factors of 13423468.
2, 3355867
